{"id":2259,"date":"2020-05-13T00:59:54","date_gmt":"2020-05-13T00:59:54","guid":{"rendered":"http:\/\/tiendadeltahome.com\/?post_type=product&#038;p=2259"},"modified":"2020-05-13T00:59:54","modified_gmt":"2020-05-13T00:59:54","slug":"secador-de-cabello-remington-2","status":"publish","type":"product","link":"https:\/\/tiendadeltahome.com\/shop\/product\/secador-de-cabello-remington-2\/","title":{"rendered":"Secador de cabello Remington"},"content":{"rendered":"<ul>\n<li>Tecnolog\u00eda de titanio para un secado r\u00e1pido.<\/li>\n<li>Generador de iones para control de encrespamiento 7X.<\/li>\n<li>Potencia de secado de 1875 W Max Turbo.<\/li>\n<li>Tecnolog\u00eda de cer\u00e1mica que protege el cabello de da\u00f1os por calor.<\/li>\n<li>3 ajustes de calor + 2 velocidades + fr\u00edo disparo.<\/li>\n<\/ul>\n<p>Modelo:RED5952<\/p>\n\n    <div class=\"xs_social_share_widget xs_share_url after_content \t\tmain_content  wslu-style-1 wslu-share-box-shaped wslu-fill-colored wslu-none wslu-share-horizontal wslu-theme-font-no wslu-main_content\">\n\n\t\t\n        <ul>\n\t\t\t        <\/ul>\n    <\/div> \n","protected":false},"excerpt":{"rendered":"<ul>\n<li>Tecnolog\u00eda de titanio para un secado r\u00e1pido.<\/li>\n<li>Generador de iones para control de encrespamiento 7X.<\/li>\n<li>Potencia de secado de 1875 W Max Turbo.<\/li>\n<li>Tecnolog\u00eda de cer\u00e1mica que protege el cabello de da\u00f1os por calor.<\/li>\n<\/ul>\n","protected":false},"featured_media":2260,"comment_status":"open","ping_status":"closed","template":"","meta":[],"product_brand":[],"product_cat":[81,104],"product_tag":[],"class_list":{"0":"post-2259","1":"product","2":"type-product","3":"status-publish","4":"has-post-thumbnail","6":"product_cat-linea-menor","7":"product_cat-secador-de-cabello","9":"first","10":"instock","11":"shipping-taxable","12":"product-type-simple"},"post_mailing_queue_ids":[],"_links":{"self":[{"href":"https:\/\/tiendadeltahome.com\/shop\/wp-json\/wp\/v2\/product\/2259","targetHints":{"allow":["GET"]}}],"collection":[{"href":"https:\/\/tiendadeltahome.com\/shop\/wp-json\/wp\/v2\/product"}],"about":[{"href":"https:\/\/tiendadeltahome.com\/shop\/wp-json\/wp\/v2\/types\/product"}],"replies":[{"embeddable":true,"href":"https:\/\/tiendadeltahome.com\/shop\/wp-json\/wp\/v2\/comments?post=2259"}],"wp:featuredmedia":[{"embeddable":true,"href":"https:\/\/tiendadeltahome.com\/shop\/wp-json\/wp\/v2\/media\/2260"}],"wp:attachment":[{"href":"https:\/\/tiendadeltahome.com\/shop\/wp-json\/wp\/v2\/media?parent=2259"}],"wp:term":[{"taxonomy":"product_brand","embeddable":true,"href":"https:\/\/tiendadeltahome.com\/shop\/wp-json\/wp\/v2\/product_brand?post=2259"},{"taxonomy":"product_cat","embeddable":true,"href":"https:\/\/tiendadeltahome.com\/shop\/wp-json\/wp\/v2\/product_cat?post=2259"},{"taxonomy":"product_tag","embeddable":true,"href":"https:\/\/tiendadeltahome.com\/shop\/wp-json\/wp\/v2\/product_tag?post=2259"}],"curies":[{"name":"wp","href":"https:\/\/api.w.org\/{rel}","templated":true}]}}