{"id":2122,"date":"2020-05-12T19:24:45","date_gmt":"2020-05-12T19:24:45","guid":{"rendered":"http:\/\/tiendadeltahome.com\/?post_type=product&#038;p=2122"},"modified":"2025-03-13T12:42:30","modified_gmt":"2025-03-13T12:42:30","slug":"cava-coleman","status":"publish","type":"product","link":"https:\/\/tiendadeltahome.com\/shop\/product\/cava-coleman\/","title":{"rendered":"Cava Coleman"},"content":{"rendered":"<ul>\n<li>Cava 48 quart, mini cava 5 quart, termo enfriador de bebidas coleman.<\/li>\n<li>Hielera de 48 Quart para un rendimiento m\u00e1s fr\u00edo.<\/li>\n<li>Mantiene el hielo por hasta 3 d\u00edas a temperaturas de hasta 90\u00b0 C.<\/li>\n<li>Almacena 63 latas.<\/li>\n<li>Guarda botellas de 2 litros en posici\u00f3n vertical y evitar derrames.<\/li>\n<li>Desag\u00fce en l\u00ednea f\u00e1cil sin inclinar la hielera, resistente a las fugas de drenaje.<\/li>\n<li>Tapa con bisagras para acceso f\u00e1cil con una sola mano.<\/li>\n<li>2 agarradores para facilitar su levantamiento.<\/li>\n<li>Aislamiento de bajo CO2 para la reducci\u00f3n de las emisiones de carbono procedentes de la fabricaci\u00f3n de su espuma.<\/li>\n<\/ul>\n<p>Modelo: CN3000000023 color azul.<\/p>\n<p>Modelo: CN3000000024 color rojo.<\/p>\n\n    <div class=\"xs_social_share_widget xs_share_url after_content \t\tmain_content  wslu-style-1 wslu-share-box-shaped wslu-fill-colored wslu-none wslu-share-horizontal wslu-theme-font-no wslu-main_content\">\n\n\t\t\n        <ul>\n\t\t\t        <\/ul>\n    <\/div> \n","protected":false},"excerpt":{"rendered":"<ul>\n<li>Cava 48 quart, mini cava 5 quart, termo enfriador de bebidas coleman.<\/li>\n<li>Hielera de 48 Quart para un rendimiento m\u00e1s fr\u00edo.<\/li>\n<li>Mantiene el hielo por hasta 3 d\u00edas a temperaturas de hasta 90\u00b0 C.<\/li>\n<li>Almacena 63 latas.<\/li>\n<\/ul>\n","protected":false},"featured_media":2123,"comment_status":"open","ping_status":"closed","template":"","meta":[],"product_brand":[],"product_cat":[85,81],"product_tag":[],"class_list":{"0":"post-2122","1":"product","2":"type-product","3":"status-publish","4":"has-post-thumbnail","6":"product_cat-cava","7":"product_cat-linea-menor","9":"first","10":"instock","11":"shipping-taxable","12":"product-type-simple"},"post_mailing_queue_ids":[],"_links":{"self":[{"href":"https:\/\/tiendadeltahome.com\/shop\/wp-json\/wp\/v2\/product\/2122","targetHints":{"allow":["GET"]}}],"collection":[{"href":"https:\/\/tiendadeltahome.com\/shop\/wp-json\/wp\/v2\/product"}],"about":[{"href":"https:\/\/tiendadeltahome.com\/shop\/wp-json\/wp\/v2\/types\/product"}],"replies":[{"embeddable":true,"href":"https:\/\/tiendadeltahome.com\/shop\/wp-json\/wp\/v2\/comments?post=2122"}],"wp:featuredmedia":[{"embeddable":true,"href":"https:\/\/tiendadeltahome.com\/shop\/wp-json\/wp\/v2\/media\/2123"}],"wp:attachment":[{"href":"https:\/\/tiendadeltahome.com\/shop\/wp-json\/wp\/v2\/media?parent=2122"}],"wp:term":[{"taxonomy":"product_brand","embeddable":true,"href":"https:\/\/tiendadeltahome.com\/shop\/wp-json\/wp\/v2\/product_brand?post=2122"},{"taxonomy":"product_cat","embeddable":true,"href":"https:\/\/tiendadeltahome.com\/shop\/wp-json\/wp\/v2\/product_cat?post=2122"},{"taxonomy":"product_tag","embeddable":true,"href":"https:\/\/tiendadeltahome.com\/shop\/wp-json\/wp\/v2\/product_tag?post=2122"}],"curies":[{"name":"wp","href":"https:\/\/api.w.org\/{rel}","templated":true}]}}