{"id":2241,"date":"2020-05-13T00:28:20","date_gmt":"2020-05-13T00:28:20","guid":{"rendered":"http:\/\/tiendadeltahome.com\/?post_type=product&#038;p=2241"},"modified":"2023-06-07T04:12:42","modified_gmt":"2023-06-07T04:12:42","slug":"plancha-de-cabello-remington-6","status":"publish","type":"product","link":"http:\/\/tiendadeltahome.com\/shop\/product\/plancha-de-cabello-remington-6\/","title":{"rendered":"Plancha de cabello Remington"},"content":{"rendered":"<ul>\n<li>Placas de cer\u00e1mica.<\/li>\n<li>410 \u00b0 Salon High Heat con Turbo Boost.<\/li>\n<li>Calentamiento de 30 segundos con apagado autom\u00e1tico.<\/li>\n<li>Controles digitales: los botones intuitivos controlan la potencia y la temperatura, mientras que una pantalla LCD.<\/li>\n<li>retroiluminada muestra los niveles de calor.<\/li>\n<li>Cable giratorio: el cable giratorio de longitud de sal\u00f3n le brinda la libertad de moldear c\u00f3modamente en cualquier \u00e1ngulo.<\/li>\n<\/ul>\n<p>&nbsp;<\/p>\n\n    <div class=\"xs_social_share_widget xs_share_url after_content \t\tmain_content  wslu-style-1 wslu-share-box-shaped wslu-fill-colored wslu-none wslu-share-horizontal wslu-theme-font-no wslu-main_content\">\n\n\t\t\n        <ul>\n\t\t\t        <\/ul>\n    <\/div> \n","protected":false},"excerpt":{"rendered":"<ul>\n<li>Placas de cer\u00e1mica.<\/li>\n<li>410 \u00b0 Salon High Heat con Turbo Boost.<\/li>\n<li>Calentamiento de 30 segundos con apagado autom\u00e1tico.<\/li>\n<li>Controles digitales: los botones intuitivos controlan la potencia y la temperatura, mientras que una pantalla LCD.<\/li>\n<\/ul>\n","protected":false},"featured_media":2242,"comment_status":"open","ping_status":"closed","template":"","meta":[],"product_brand":[],"product_cat":[81,100],"product_tag":[],"class_list":{"0":"post-2241","1":"product","2":"type-product","3":"status-publish","4":"has-post-thumbnail","6":"product_cat-linea-menor","7":"product_cat-plancha-de-cabello","9":"first","10":"instock","11":"shipping-taxable","12":"product-type-simple"},"post_mailing_queue_ids":[],"_links":{"self":[{"href":"http:\/\/tiendadeltahome.com\/shop\/wp-json\/wp\/v2\/product\/2241","targetHints":{"allow":["GET"]}}],"collection":[{"href":"http:\/\/tiendadeltahome.com\/shop\/wp-json\/wp\/v2\/product"}],"about":[{"href":"http:\/\/tiendadeltahome.com\/shop\/wp-json\/wp\/v2\/types\/product"}],"replies":[{"embeddable":true,"href":"http:\/\/tiendadeltahome.com\/shop\/wp-json\/wp\/v2\/comments?post=2241"}],"wp:featuredmedia":[{"embeddable":true,"href":"http:\/\/tiendadeltahome.com\/shop\/wp-json\/wp\/v2\/media\/2242"}],"wp:attachment":[{"href":"http:\/\/tiendadeltahome.com\/shop\/wp-json\/wp\/v2\/media?parent=2241"}],"wp:term":[{"taxonomy":"product_brand","embeddable":true,"href":"http:\/\/tiendadeltahome.com\/shop\/wp-json\/wp\/v2\/product_brand?post=2241"},{"taxonomy":"product_cat","embeddable":true,"href":"http:\/\/tiendadeltahome.com\/shop\/wp-json\/wp\/v2\/product_cat?post=2241"},{"taxonomy":"product_tag","embeddable":true,"href":"http:\/\/tiendadeltahome.com\/shop\/wp-json\/wp\/v2\/product_tag?post=2241"}],"curies":[{"name":"wp","href":"https:\/\/api.w.org\/{rel}","templated":true}]}}