{"id":2151,"date":"2020-05-12T20:34:59","date_gmt":"2020-05-12T20:34:59","guid":{"rendered":"http:\/\/tiendadeltahome.com\/?post_type=product&#038;p=2151"},"modified":"2025-01-22T14:59:05","modified_gmt":"2025-01-22T14:59:05","slug":"air-fryer-37-qt-blanco-brentwood","status":"publish","type":"product","link":"http:\/\/tiendadeltahome.com\/shop\/product\/air-fryer-37-qt-blanco-brentwood\/","title":{"rendered":"Air fryer 3,7 Qt blanco Brentwood"},"content":{"rendered":"<ul>\n<li>1.400W.<\/li>\n<li>Cocina r\u00e1pida e incluso con r\u00e1pida circulaci\u00f3n de aire caliente.<\/li>\n<li>Utiliza poco o ning\u00fan aceite.<\/li>\n<li>Control de temperatura ajustable de 175\u00b0F\u2013400\u00b0F.<\/li>\n<li>Temporizador de 30 minutos.<\/li>\n<li>Superficie f\u00e1cil de limpiar, antiadherente.<\/li>\n<li>Gu\u00eda de temperatura r\u00e1pida.<\/li>\n<li>1 a\u00f1o de garant\u00eda del fabricante.<\/li>\n<li>Incluye sart\u00e9n y cesta extra\u00edbles.<\/li>\n<\/ul>\n<p>Modelo: BWAF350BK<\/p>\n\n    <div class=\"xs_social_share_widget xs_share_url after_content \t\tmain_content  wslu-style-1 wslu-share-box-shaped wslu-fill-colored wslu-none wslu-share-horizontal wslu-theme-font-no wslu-main_content\">\n\n\t\t\n        <ul>\n\t\t\t        <\/ul>\n    <\/div> \n","protected":false},"excerpt":{"rendered":"<ul>\n<li>1.400W.<\/li>\n<li>Cocina r\u00e1pida e incluso con r\u00e1pida circulaci\u00f3n de aire caliente.<\/li>\n<li>Utiliza poco o ning\u00fan aceite.<\/li>\n<li>Control de temperatura ajustable de 175\u00b0F\u2013400\u00b0F.<\/li>\n<\/ul>\n","protected":false},"featured_media":2152,"comment_status":"open","ping_status":"closed","template":"","meta":[],"product_brand":[],"product_cat":[91,81],"product_tag":[],"class_list":{"0":"post-2151","1":"product","2":"type-product","3":"status-publish","4":"has-post-thumbnail","6":"product_cat-air-fryer","7":"product_cat-linea-menor","9":"first","10":"instock","11":"shipping-taxable","12":"product-type-simple"},"post_mailing_queue_ids":[],"_links":{"self":[{"href":"http:\/\/tiendadeltahome.com\/shop\/wp-json\/wp\/v2\/product\/2151","targetHints":{"allow":["GET"]}}],"collection":[{"href":"http:\/\/tiendadeltahome.com\/shop\/wp-json\/wp\/v2\/product"}],"about":[{"href":"http:\/\/tiendadeltahome.com\/shop\/wp-json\/wp\/v2\/types\/product"}],"replies":[{"embeddable":true,"href":"http:\/\/tiendadeltahome.com\/shop\/wp-json\/wp\/v2\/comments?post=2151"}],"wp:featuredmedia":[{"embeddable":true,"href":"http:\/\/tiendadeltahome.com\/shop\/wp-json\/wp\/v2\/media\/2152"}],"wp:attachment":[{"href":"http:\/\/tiendadeltahome.com\/shop\/wp-json\/wp\/v2\/media?parent=2151"}],"wp:term":[{"taxonomy":"product_brand","embeddable":true,"href":"http:\/\/tiendadeltahome.com\/shop\/wp-json\/wp\/v2\/product_brand?post=2151"},{"taxonomy":"product_cat","embeddable":true,"href":"http:\/\/tiendadeltahome.com\/shop\/wp-json\/wp\/v2\/product_cat?post=2151"},{"taxonomy":"product_tag","embeddable":true,"href":"http:\/\/tiendadeltahome.com\/shop\/wp-json\/wp\/v2\/product_tag?post=2151"}],"curies":[{"name":"wp","href":"https:\/\/api.w.org\/{rel}","templated":true}]}}